 -1/6*g**3 - 15*g**2 + 0*g - 1/30*g**5 + 0 + 0*g**4. Let v = 2 - 3. Give d(v).
-3
Let w(d) = 7*d**2 - d + 6. Let t(b) = 19*b**2 - 2*b + 18. Let f(k) = -4*t(k) + 11*w(k). Calculate f(6).
12
Let x(b) be the first derivative of -b**4/4 - b + 1. Let v be x(0). Let c(f) = -2*f**2 - 1. Calculate c(v).
-3
Let x(j) be the third derivative of j**4/8 - j**3/6 + 100*j**2. What is x(-2)?
-7
Let j(q) be the third derivative of -q**4/24 - 7*q**3/6 - 139*q**2. Give j(-16).
9
Let m be (-12)/18 - 2/(-3) - -3. Let s(h) be the first derivative of 3*h**2/2 - 4*h + 1. Determine s(m).
5
Let w(m) = 3*m + 14. Let v(h) = 6*h + 17. Let c(b) = -2*v(b) + 3*w(b). What is c(10)?
-22
Suppose -5*r - 8 = -18. Let z be (12/9)/(-1)*-3. Suppose -4 = -r*v + z*v. Let a(u) = -u**3 + u**2 - u - 2. Give a(v).
12
Let h = -52 + 54. Let s(y) be the second derivative of -1/6*y**3 - 4*y + 0 + 0*y**h. What is s(0)?
0
Suppose 4*y - 3*c = -0*c - 27, 5*c - 13 = -4*y. Let w(i) = 2*i - 2. What is w(y)?
-8
Let v(z) be the third derivative of z**5/60 - z**4/4 + z**3 - 20*z**2. Suppose -2*j + 3*j = 0. Suppose j = -2*n + 6 + 4. Give v(n).
1
Let q(f) be the third derivative of f**4/24 - 4*f**3/3 + f**2. Suppose -52 = -4*b - 9*b. Suppose -3*g - m = -0 - 13, 3*g + b*m + 2 = 0. What is q(g)?
-2
Let w be (-58)/15 - (-2)/(-15). Let z(j) = 4*j**2 + 33*j + 7. Let x = 9 - 0. Let u(b) = -b**2 - 8*b - 2. Let l(s) = x*u(s) + 2*z(s). What is l(w)?
4
Let l = -4 + 2. Let z be l/(-10) + 116/20. Let q(u) = 10*u**2 - 2*u**3 - 17*u**2 - u**3 + 6*u + 3 + 4*u**3. Give q(z).
3
Let r(a) = 5*a - 1. Let i(n) = 58 - 31 - 9 - 4*n. Let w be i(5). Determine r(w).
-11
Let u(o) = -o**3 + 9*o**2 + 2. Let y be u(9). Suppose 2 = -y*r + 16. Suppose 4*k - r*k = 0. Let g(q) = -q - 7. Give g(k).
-7
Let s(f) = -2*f**3 + 2*f + 1. Let o(n) = -n**3 - 12*n**2 - 3*n - 38. Let y be o(-12). What is s(y)?
13
Let q = -79/2 + 40. Let y(w) be the third derivative of -1/60*w**5 + 1/24*w**4 - q*w**3 + 0*w + 6*w**2 + 0 - 1/120*w**6. Calculate y(-3).
12
Let o(p) = p - 4. Let r be o(-4). Let s(d) be the second derivative of -d**4/12 - 7*d**3/6 - 3*d**2/2 + 107*d + 4. Give s(r).
-11
Suppose -41*r - 12 = -44*r. Let a(d) = -d**2 + 6*d - 3. Determine a(r).
5
Let p(x) be the second derivative of x**3/6 - 2*x**2 - 3*x. Suppose 5*t - 4 = 4*t. Suppose -2*a = -3*a - 3*q - 6, 0 = a - t*q - 8. Give p(a).
-4
Suppose -5*s + s = 0. Let a be (2 + s)*1/2. Suppose 2*w - a = b, -w - 5*b - 3 = -2*b. Let x(i) = i**2 - i + 7. Give x(w).
7
Let r(s) = 4*s - 3. Let x(q) = 7*q - 5. Let d(o) = -5*r(o) + 3*x(o). Suppose -4*p - 15 = 9. Determine d(p).
-6
Let j(t) = -3*t**2 + 8*t - 5. Let o(c) = 4*c**2 - 10*c + 6. Let s(m) = 3*j(m) + 2*o(m). Let x(n) = n + 11. Let i be x(-9). What is s(i)?
1
Let r(o) = o**3 + 5*o**2 - 4*o - 1. Suppose -3*f = 2*f - 225. Let h = f + -50. Give r(h).
19
Let i(d) = 11*d**2 + d. Let k be (-4)/(-6)*(-72)/16. Let o(v) = -4*v**2. Let n(g) = k*i(g) - 8*o(g). Give n(-4).
-4
Let h(u) = -62*u + 2. Suppose 0*b + 12 = -2*b + 5*d, 4*b = -3*d + 2. Determine h(b).
64
Let c(q) = -q**2 - 4*q**2 - q**2 + 4*q**2 - 4*q - 2. Let w(u) = u + 1. Let b be w(-3). What is c(b)?
-2
Let j be (-3 - -10) + (-6)/2. Let d(t) = 4*t + 13. Let f(h) = h + 3. Let v(m) = 2*d(m) - 9*f(m). Determine v(j).
-5
Let z(g) = -8*g + 15. Let n(y) = 23*y - 42. Let x(q) = -6*n(q) - 17*z(q). What is x(-7)?
11
Let l(b) = b**2 - 5*b - 14. Suppose -9*f = -5*d - 5*f + 31, 5*f = -5*d + 40. Let t be l(d). Let z(x) = x**2 + x + 10. What is z(t)?
10
Let s(d) = -5*d - 8. Suppose -2*a - 4 = -0*h - 4*h, 4 = h. Calculate s(a).
-38
Let a(m) = m - 1. Let z(u) = u**3 - 3*u**2 - u + 3. Let l be z(2). Calculate a(l).
-4
Suppose -7 = -f + q, 0 = 2*f + 6*q - 2*q - 26. Suppose 25 = -f*r + 4*r. Let x(b) = -2*b - 6. Give x(r).
4
Let k(c) = -12*c + 7. Let b = -971 + 975. Calculate k(b).
-41
Let n(w) = -5*w**3 - w**2 + w. Let a(m) = 16*m**3 - 4*m**2 - 6*m + 8. Let r(f) = -a(f) - 3*n(f). Give r(7).
13
Suppose -j + 30 = 3*s + 2*j, 48 = 4*s - 4*j. Let a(x) = -s + 2 + 2 + 2 + x. What is a(0)?
-5
Let z(i) be the third derivative of -1/360*i**6 + 9*i**2 + 0 - 1/6*i**4 + 0*i**3 - 1/60*i**5 + 0*i. Let c(q) be the second derivative of z(q). Determine c(3).
-8
Let l(j) be the first derivative of -2*j**2 + 2*j + 9. Let c be l(2). Let b(f) = -f**3 - 5*f**2 + 5*f + 1. What is b(c)?
7
Let d(g) = 4*g - 2. Let z(b) = -7*b + 5. Let a(m) = -5*d(m) - 2*z(m). Let v = -150 + 151. Give a(v).
-6
Let x(a) = -11*a**2 - 3*a - 9. Let f(v) = -2*v**2 - v - 1. Let q(h) = 6*f(h) - x(h). What is q(-3)?
3
Suppose -27 = 3*s - 5*q + 7, s - 7 = -2*q. Let m(k) = -k - 8. Determine m(s).
-5
Let f(k) = 1 + 3 - 83*k + 61*k. Let a be f(-8). Let q(h) = -3*h**2 + 178*h**3 - 3*h - 1 - 2 - a*h**3. Give q(-2).
7
Let s(q) = 7*q - 7. Let h(b) = -15*b + 7. Let o(v) = 2*h(v) + 3*s(v). Give o(-2).
11
Let f(u) = 5*u + 5. Let j(i) = 11*i + 10. Let o(t) = -t**2 + 11*t + 32. Let w be o(13). Let m(d) = w*j(d) - 13*f(d). Determine m(10).
5
Let x(d) = d - 11. Let a be ((-46)/115)/(2/(-20)). Suppose -5*o + q = 0, -a*o + 0*o = q. Suppose -3*z - z = o. Calculate x(z).
-11
Let x = 22 + -12. Suppose -x = 5*y, -2*w + 5*w + 11 = -y. Let s(i) = 2*i + 2 + i + 2. Give s(w).
-5
Let s(f) = -f**2 - f + 1. Let v be (76/(-8) - -5)*(-12)/(-2). Let j = v + 23. What is s(j)?
-11
Suppose -3*z + 23 = -m + 31, -5*z = -5*m. Let s(l) = 6*l + 4. Give s(m).
-20
Let z(n) = -n**2 + 19*n + 3. Let r be z(19). Let u(f) = -2*f**3 + 4*f**2 - 2*f + 1. Calculate u(r).
-23
Let h(a) = 2 + 13*a + 5*a**3 - 13*a - 6*a**3 - a**2. Let i be (159/9)/((-5)/15). Let f = i + 51. Calculate h(f).
6
Let x(v) = -v**3 - 3*v**2 + 2*v + 3. Let f be 1 - (2/1)/(3/6). Determine x(f).
-3
Let s be -7 + 1/2*4. Let m(r) be the first derivative of -r**2/2 + r + 97. Give m(s).
6
Let n(x) = -x**3 + 2*x**2 - 1. Let p(f) = 2*f**3 - 11*f**2 + 7*f - 3. Let m(c) = 3*n(c) + p(c). What is m(-6)?
-12
Let r(u) = u**3 - 6*u**2 + 2*u + 5. Let n(o) = 19*o - 242. Let c be n(13). Calculate r(c).
-10
Suppose 0 = -3*q + 6, 0 = 3*l - 4*q - q - 2. Suppose 0 = -6*r - 14 - l. Let v(b) = b**2 - 3. Determine v(r).
6
Let k = 77 - 83. Let a(t) = t**2 + 7*t - 4. Determine a(k).
-10
Let y(i) = i**2 + 5*i + 1. Suppose 3*m + 32 = 5*d, -2*d - 24 = 4*m - 4*d. Give y(m).
-3
Suppose 5*r - 10 - 25 = 0. Suppose 5 + 9 = r*t. Let f(y) be the third derivative of y**6/120 - y**5/60 + y**3/6 - y**2. Determine f(t).
5
Let u(l) be the second derivative of -l**5/20 - 23*l**4/12 - 3*l**2 - 17*l. Let g be u(-23). Let t(a) = -2 - 4*a + 6 - a**2 + 2. Determine t(g).
-6
Suppose -5*h + 4 = -h. Let x = 19 + -16. Let c(u) = -12*u**x - 2*u**2 + 26 + 2*u - 3*u**2 + 4*u**2 - 27. What is c(h)?
-12
Let d(q) = 2*q + 28. Let s(g) = -g - 18. Let b(w) = 2*d(w) + 3*s(w). Determine b(-11).
-9
Let p = -4 + 0. Let o = p + 3. Let n(c) = 3*c**3 - 6*c**2 + 7*c + 13. Let h(x) = -x**3 + x**2 - x - 2. Let f(q) = -6*h(q) - n(q). Calculate f(o).
-3
Suppose 2*c + 4 = -4*v, -2*c + 34*v = 35*v + 16. Let n(a) = a**3 + 11*a**2 + 10*a + 11. Calculate n(c).
11
Let h(t) = -11*t**2 + 3*t + 6. Let n(o) be the second derivative of o**4/3 - o**3/6 - o**2 + o. Let s(k) = 3*h(k) + 8*n(k). Let b = -316 + 314. Calculate s(b).
-4
Suppose f = 25 - 28. Let b(i) = 7*i + 4. What is b(f)?
-17
Let s(y) = 14*y**3 - 2*y**2 - 3*y + 1. Let p = -14 + 12. Let k = -5 + p. Let i(v) = 29*v**3 - 4*v**2 - 7*v + 2. Let q(j) = k*s(j) + 3*i(j). Calculate q(1).
-10
Suppose 67*y - 2 = 69*y. Let k(v) = -3*v + 0 + 2 + 7*v**3 - 6. Let q(t) = t**3 - t - 1. Let a(m) = k(m) - 4*q(m). Calculate a(y).
-4
Let v(l) = l**3 + 4*l**2 + l - 3. Suppose -63 = -13*q + 2. Suppose 0 = -n + q*d - 24, 6*n = 2*n + 3*d - 28. What is v(n)?
-7
Suppose 0 = -4*u - 10 - 14. Let m be 10*u/(-15) - (0 + 2). Let g(v) = 2*v - 1. Calculate g(m).
3
Let g(u) be the second derivative of 0 + 2*u**2 - 5/6*u**3 - 20*u. Suppose -4*v + 31 = -5*t, 17 = -0*v + 5*v + t. Give g(v).
-16
Suppose 3 = -3*n, -i + 10 = 3*n + 22. Let o(l) = -3*l - 29. Give o(i).
-2
Let l be -3 + 0 + 26 + 11. Let k(f) = -17*f - 7 - 18*f + l*f. Let b = -10 - -7. Give k(b).
-4
Let f(n) = -8 - 5 - 2*n - 1 + 0*n + 6. Let z(b) = b**3 + 4*b**2 - 3*b - 5. Let t be z(-4). Calculate f(t).
-22
Let g(s) = -3*s + 1. Let l(f) = -34*f + 10. Let y(o) = 12*g(o) - l(o). Determine y(-7).
16
Let n be (1 + 2)*8/(-6). Let b(m) = 191*m - 